+ 9. What is y(2)?
-189
Let o(w) = -46*w**2 - 182*w - 29. Calculate o(-4).
-37
Let q(s) = -s**3 + 18*s**2 - 68*s + 267. Determine q(8).
363
Let c(i) = -7*i**2 - 30*i + 23. Calculate c(-5).
-2
Let w(c) = -75*c - 1637. What is w(-19)?
-212
Let a(x) = -3*x**3 + 9*x**2 - 22*x - 1. Calculate a(3).
-67
Let z(d) = d**2 + 2147*d - 2148. Calculate z(1).
0
Let j(x) = -x**3 + 23*x**2 + 48*x + 37. What is j(25)?
-13
Let a(m) = 45*m + 200. Calculate a(-7).
-115
Let r(v) = -2*v**3 - 9*v**2 - 1057*v - 4214. Give r(-4).
-2
Let n(r) = -r - 236. Determine n(-125).
-111
Let p(k) = -k**3 - 6*k**2 + 14*k - 10. Determine p(-8).
6
Let v(j) = j**2 + 11*j - 39. Give v(7).
87
Let k(v) = -612*v + 4691. Give k(9).
-817
Let o(p) = -p + 100. What is o(54)?
46
Let k(m) = -10*m - 110. Give k(11).
-220
Let h(i) = -i**2 - 15*i + 492. Calculate h(-36).
-264
Let b(c) = 7*c**3 + 40*c**2 - 22*c - 36. Determine b(-6).
24
Let b(w) = 5*w**2 - 266*w + 36. What is b(53)?
-17
Let i(a) = a**2 + 52*a + 275. Give i(-6).
-1
Let f(h) = -4*h**2 + 33*h - 42. What is f(6)?
12
Let z(j) = 61*j - 1024. Give z(17).
13
Let u(z) = -14*z + 222. Calculate u(8).
110
Let w(r) = 4*r**2 + 11*r + 20. Calculate w(-8).
188
Let x(o) = -2*o**2 - 49*o - 525. Calculate x(-14).
-231
Let y(k) = k**2 + 226*k + 5521. Determine y(-28).
-23
Let w(n) = -27*n + 107. Give w(7).
-82
Let n(p) = 3*p**2 + 17*p + 97. Calculate n(-6).
103
Let j(m) = 3*m**2 - 40*m - 50. What is j(21)?
433
Let u(f) = f**3 + 16*f**2 + 17*f + 21. What is u(-15)?
-9
Let v(y) = 34*y + 54. Calculate v(-2).
-14
Let r(z) = 39*z**2 + 67*z - 77. What is r(1)?
29
Let x(h) = 2*h**3 - 25*h**2 - 35*h + 287. Calculate x(13).
1
Let b(a) = a**3 - 34*a**2 + 186*a - 1174. Calculate b(29).
15
Let z(f) = -f**3 - 39*f**2 + 42*f + 140. Give z(-40).
60
Let y(m) = 57*m - 13. Give y(4).
215
Let l(j) = -j**3 - 27*j**2 + 106*j + 490. Give l(-30).
10
Let g(j) = -j**3 + j**2 + 173*j + 345. Calculate g(-2).
11
Let i(f) = f**2 - 35*f + 201. Give i(28).
5
Let l(y) = 9*y**2 - 177*y - 181. What is l(-1)?
5
Let m(n) = 242*n + 39. Determine m(0).
39
Let c(x) = -x**3 - x**2 + 215*x - 57. Give c(14).
13
Let i(v) = -174*v**3 - 2*v**2 + 34*v - 32. Calculate i(1).
-174
Let b(t) = t**3 - 34*t**2 - 5*t + 162. What is b(34)?
-8
Let u(h) = -h**3 - 12*h**2 + 30*h + 60. Calculate u(-14).
32
Let i(l) = 690*l - 1503. Give i(2).
-123
Let r(u) = -5*u**3 + 375*u**2 + 383*u - 230. Give r(76).
-2
Let u(z) = -3*z**3 + 4*z**2 + 87*z - 279. Calculate u(3).
-63
Let q(n) = n**3 + 14*n**2 + 14*n - 8. Calculate q(-2).
12
Let v(x) = -x**2 + 341*x - 9891. Calculate v(32).
-3
Let b(p) = -p**3 + 57*p**2 - 270*p + 14. Give b(5).
-36
Let p(z) = -289*z + 2351. Calculate p(8).
39
Let c(p) = 3*p**3 - 42*p**2 - 100*p + 69. Give c(16).
5
Let p(r) = -241*r + 5778. What is p(24)?
-6
Let c(w) = 154*w + 1175. Calculate c(-8).
-57
Let a(c) = 83*c + 1347. What is a(-12)?
351
Let b(y) = 241*y + 47475. Determine b(-197).
-2
Let a(g) = -7*g + 97. What is a(24)?
-71
Let v(d) = -4*d**3 - d**2 + d + 149. Give v(0).
149
Let i(p) = -p**3 - 22*p**2 + 52*p - 70. Determine i(-24).
-166
Let a(h) = h**3 + 18*h**2 - 1075*h + 43. Calculate a(-43).
43
Let p(n) = n**3 - 19*n**2 - 24*n + 1093. Determine p(18).
337
Let y(q) = 36*q - 3304. Determine y(92).
8
Let a(f) = -5892*f - 58917. Give a(-10).
3
Let q(g) = 356*g + 2143. What is q(-6)?
7
Let x(k) = -7*k + 220. Calculate x(31).
3
Let c(s) = -166*s - 3283. Give c(-20).
37
Let w(q) = -757*q + 7470. What is w(10)?
-100
Let a(y) = -y**3 + 7*y**2 + 2*y + 10. Calculate a(7).
24
Let w(i) = 806*i - 151529. What is w(188)?
-1
Let x(q) = 2*q**3 + 12*q**2 - 9*q + 1. Determine x(-7).
-34
Let r(s) = -s**3 - 48*s**2 - 51*s - 143. Determine r(-47).
45
Let l(d) = -d**2 + 32*d + 2989. Determine l(71).
220
Let n(t) = t**3 + 10*t**2 - 146*t - 63. What is n(-18)?
-27
Let z(a) = -41*a**3 - 18*a**2 - 2*a - 1. Calculate z(-1).
24
Let r(w) = -3*w**3 + 4*w**2 - 134*w + 261. What is r(2)?
-15
Let a(x) = -527*x + 25290. Determine a(48).
-6
Let m(b) = 3887*b - 42757. Calculate m(11).
0
Let z(k) = -k**3 + 49*k**2 + 4*k - 98. What is z(49)?
98
Let a(f) = f**2 + 17*f - 109. Determine a(-16).
-125
Let u(m) = m**2 + 35*m + 21. Determine u(-18).
-285
Let g(j) = -263*j + 10514. What is g(40)?
-6
Let j(d) = 10*d - 427. Calculate j(45).
23
Let z(j) = 476*j + 4280. Give z(-9).
-4
Let j(u) = -u**3 + 31*u**2 - 134*u + 122. Determine j(26).
18
Let b(z) = z**3 - 49*z**2 - 103*z + 26. Determine b(51).
-25
Let b(j) = -j**2 - 62*j - 480. Calculate b(-53).
-3
Let p(v) = 3*v**3 - 47*v**2 + 62*v - 492. Calculate p(15).
-12
Let u(x) = -80*x + 56. What is u(7)?
-504
Let i(h) = h**3 + 44*h**2 - 41*h + 85. What is i(-45)?
-95
Let o(q) = -q**2 + 94*q + 923. Give o(-9).
-4
Let u(o) = -o**3 - 4*o**2 + 5*o + 22. Calculate u(-3).
-2
Let n(u) = -10*u**3 + 150*u**2 - 11*u + 30. Determine n(15).
-135
Let m(v) = v**3 + 9*v**2 - 16*v - 183. Give m(-8).
9
Let o(f) = -f**3 - 25*f**2 - 29*f + 18. What is o(-23)?
-373
Let r(w) = 2*w**3 - w**2 - 3*w - 9. Determine r(4).
91
Let b(i) = -3*i**3 - 27*i**2 + 99*i + 3. Give b(3).
-24
Let g(l) = l**3 - 9*l**2 + 13*l - 26. Give g(8).
14
Let s(o) = o**3 + 170*o**2 - 537*o + 61. Determine s(3).
7
Let s(x) = x**2 + 28*x - 72. Give s(-31).
21
Let t(k) = -8*k**2 - 25*k + 5. Determine t(-3).
8
Let g(x) = x**3 + x**2 - 27*x + 8. Calculate g(6).
98
Let t(r) = 29*r**2 + 316*r - 14. Calculate t(-11).
19
Let c(j) = j**2 + 26*j + 4. Determine c(-13).
-165
Let z(l) = l**3 + 8*l**2 - 336*l - 8. Calculate z(14).
-400
Let a(y) = 18*y**2 + 153*y - 492. What is a(-11)?
3
Let r(b) = 7*b**2 + 16*b - 24. What is r(-5)?
71
Let n(b) = -b**3 - 84*b**2 + 1152*b - 10. Calculate n(-96).
-10
Let a(c) = 2*c**3 - 11*c**2 + 10*c - 3. Determine a(4).
-11
Let f(q) = -15*q**2 + 227*q - 50. Determine f(15).
-20
Let a(y) = 4*y**3 + 4*y + 8. Give a(0).
8
Let o(t) = -t**2 - 35*t + 45. Determine o(-37).
-29
Let f(b) = -3*b**3 + 47*b**2 + 116*b + 162. What is f(18)?
-18
Let o(a) = 4*a + 264. Determine o(-66).
0
Let h(b) = -9*b + 12. What is h(0)?
12
Let t(p) = -1002*p - 13025. What is t(-13)?
1
Let x(d) = 517*d - 19637. Give x(38).
9
Let m(j) = -29*j**2 - 24*j - 22. Give m(-1).
-27
Let u(v) = 38*v - 1170. Calculate u(25).
-220
Let q(t) = -t**2 + 19*t - 118. What is q(14)?
-48
Let g(u) = -u**3 + 19*u**2 + 52*u - 134. What is g(21)?
76
Let c(x) = x**2 + 37*x - 5596. Calculate c(-96).
68
Let o(h) = 4*h + 83. What is o(-22)?
-5
Let y(q) = 33*q**2 - 374*q - 263. Calculate y(12).
1
Let x(v) = -163*v - 486. Calculate x(-3).
3
Let f(m) = m - 115. What is f(107)?
-8
Let g(k) = k**2 + 117*k + 341. Determine g(-3).
-1
Let x(r) = -15*r - 200. Calculate x(-29).
235
Let t(b) = 9*b**2 - 7*b - 48. Calculate t(5).
142
Let i(t) = t**3 + 17*t**2 + 14*t - 24. Determine i(-16).
8
Let x(l) = -l**2 - 16*l + 288. What is x(16)?
-224
Let a(b) = 66*b - 6401. Determine a(97).
1
Let l(d) = d**3 + 8*d**2 - 378*d - 3801. Give l(-11).
-6
Let h(k) = 3*k**2 + 33*k - 104. Calculate h(3).
22
Let q(c) = -101*c**2 - 728*c - 11. Calculate q(-7).
136
Let o(s) = 6*s - 791. Calculate o(4).
-767
Let c(s) = -2556*s - 46019. What is c(-18)?
-11
Let x(b) = -9*b**3 + 326*b**2 - 70*b - 73. Calculate x(36).
-1
Let i(p) = p**2 + 55*p + 651. Give i(-40).
51
Let y(b) = 19*b**2 - 135*b - 320. What is y(9)?
4
Let n(l) = 97*l + 2425. What is n(-25)?
0
Let s(g) = -98*g + 525. Give s(5).
35
Let r(a) = -4*a - 237. What is r(-43)?
-65
Let c(v) = -12*v**3 + 5*v**2 - 6*v + 5. Calculate c(2).
-83
Let i(w) = w**2 - 34*w + 281. Calculate i(14).
1
Let t(u) = u**2 - 47*u + 458. Calculate t(13).
16
Let q(w) = -3*w**2 - 14*w + 67. Calculate q(-13).
-258
Let x(n) = n**3 - 21*n**2 - 250*n - 30. Give x(-9).
-210
Let q(g) = -g**3 - 46*g**2 + 2722*g - 75. Give q(34).
-7
Let n(k) = -k**3 - 42*k**2 - 149*k + 12. Determine n(-5).
-168
Let a(n) = -54*n + 1471. Calculate a(27).
13
Let x(k) = -58*k + 1917. Give x(38).
-287
Let f(r) = 32*r - 217. Calculate f(6).
-25
Let b(g) = 17*g**2 - 583*g + 128. Determine b(34).
-42
Let t(i) = 986*i + 10006. What is t(-10)?
146
Let f(k) = -7323*k - 7346. Calculate f(-1).
-23
Let l(d) = 2*d**2 + 289*d + 10349. Determine l(-65).
14
Let h(x) = -x**3 + 26*x**2 - 9*x + 25. Calculate h(26).
-209
Let w(l) = 648*l + 20754. What is w(-32)?
18
Let l(q) = 37*q**2 - 357*q - 1031. Determine l(12).
13